of z.
3, 5, 29
Let v = -36 - -71. Let f = 52 - v. List the prime factors of f.
17
Suppose 3*m - 180 = 8*m. Let l = m + 50. Suppose l = 2*n - 26. List the prime factors of n.
2, 5
Suppose -3*c = 4*y - c - 12, 2*y - 14 = c. Suppose 3*q - y*j - 224 = 0, -j = -4*q + 163 + 164. What are the prime factors of q?
83
Let z = 15 + -6. Suppose 0 = 4*r - z*r + 65. What are the prime factors of r?
13
Suppose -4*f = f - c - 1, -4*c - 4 = -f. Suppose -47 = -4*o + 3*b, 2*o + 5*b + f - 17 = 0. What are the prime factors of o?
11
Let m(s) = 1. Let r(h) be the second derivative of -h**3/2 - 6*h**2 - 7*h. Let v(k) = -30*m(k) - 2*r(k). What are the prime factors of v(8)?
2, 3, 7
Let b(c) = 4*c - 3 + 2 + 2 - 2. Let k be b(1). Suppose 6 = k*p + 3, 15 = s - p. List the prime factors of s.
2
Let k = -1 + 7. Suppose -2*l + 3*b = -295, 2*b - k*b = 2*l - 288. What are the prime factors of l?
2, 73
Let n(a) = -5*a**3 + 3*a**2 - 9*a - 11. List the prime factors of n(-4).
3, 131
Let i = -550 - -557. What are the prime factors of i?
7
List the prime factors of 753/(-1)*(12 - 15).
3, 251
Let u(a) = 97*a**2 - 25*a - 142. What are the prime factors of u(-5)?
2, 7, 43
Let j = -234 + 792. What are the prime factors of j?
2, 3, 31
Let r be 2/(-1) + 2*(-4)/(-4). List the prime factors of 160 + (r - (4 - 6)).
2, 3
List the prime factors of 40/100 + 20290/25.
2, 7, 29
Let g(n) be the second derivative of 0 + 1/12*n**4 - 5/2*n**2 - 5*n + 2/3*n**3. What are the prime factors of g(-8)?
3
What are the prime factors of ((-428835)/226)/(6/(-8))?
2, 5, 11, 23
Suppose -8*f = 374 - 9942. List the prime factors of f.
2, 13, 23
Let i(u) be the first derivative of -u**3/3 + 5*u + 7. What are the prime factors of i(0)?
5
Let i = -8 + 12. Suppose 0*d = 2*d + 2, -5*f = i*d + 4. Suppose 5*b = -2*c - 11, f = -5*c - 5*b - 7 + 2. List the prime factors of c.
2
Let v(k) = -k**3 - 6*k**2 - 2*k + 7. Suppose -4*f + 30 = 3*j - 8*j, -18 = 3*j + 3*f. What are the prime factors of v(j)?
19
Let b(m) = m - 10. Let d be b(12). List the prime factors of d + (-1)/(4/(-104)).
2, 7
Let v be (3 + 0)*(1 + (2 - 4)). List the prime factors of (5 - (7 + v))*(47 - -1).
2, 3
Let l(o) = -o**2 - o. Let x(b) = -3*b**2 - 2*b - 2. Let c(w) = -4*l(w) + x(w). Let y(u) be the first derivative of c(u). List the prime factors of y(12).
2, 13
Suppose 3*b - 127 - 254 = 0. Suppose 0 = -4*l - 5*j + 483, -7*j + 2*j - b = -l. What are the prime factors of l?
2, 61
Let q = 1736 - 1180. List the prime factors of q.
2, 139
Let g = 35 + -33. Let p be (1/g)/(14/1456). Suppose 5*s = 2*u - p, 5*u - 3*s - 86 = 44. What are the prime factors of u?
2, 13
Suppose -6*b + 8*b - 22 = 0. Suppose 0 = v - 5, -j + 2*v - 2 - b = 0. What are the prime factors of (j - (-20 - 0)) + 2?
19
Let s be (7/(-14))/((-2)/(-24)). Let v be 2/((-3)/s*1). What are the prime factors of 3/3 - v - -19?
2
Let g be (-1)/(-2) - 230/(-20). Let t(a) = a**3 - 10*a**2 - 11*a + 8. Let k be t(g). Suppose -4*w - 24 + k = 2*p, 146 = 4*w - p. List the prime factors of w.
2, 3
Let n(l) = 33*l - 2. Let b(i) be the second derivative of 17*i**3/6 - i**2/2 + 4*i. Let h(x) = 5*b(x) - 3*n(x). What are the prime factors of h(-1)?
3, 5
Let b be (0/(-11))/(0 + -1). Suppose -35 = -b*m - 5*m. Suppose -3*x + m = -188. List the prime factors of x.
5, 13
Suppose 2*a = 5 - 1. Let s(w) = -3*w + 42. Let r be s(-5). Suppose a*p - r = p. What are the prime factors of p?
3, 19
Let f be -3 + (-1 - (-32)/4). Let z be (2/(-1))/4*f. What are the prime factors of ((-112)/48)/(z/6)?
7
Let h(z) = -39*z - 10. Let w be h(-5). Let a = w + -86. List the prime factors of a.
3, 11
Suppose -2*u = -4*y - 182, -5*u + 2*y = -3*y - 440. List the prime factors of u.
5, 17
Let w = 48 + 45. List the prime factors of w/1 - (-1)/((-2)/2).
2, 23
Suppose -m - a + 394 = 0, -m + 2*a = 7*a - 386. Suppose -m = 11*z - 14*z. What are the prime factors of z?
2, 3, 11
Suppose p = -417 + 1661. List the prime factors of p/8 + 25/(-10).
3, 17
Let i(h) = 80*h**2 + 78*h**2 - 5 - 159*h**2 + 8*h. Suppose -2*s - 2*s + 28 = 0. What are the prime factors of i(s)?
2
Let v(r) = -r**3 + 6*r**2 + 10*r - 16. Let s be v(7). Suppose -5*d + 530 + 41 = h, 4*d + s*h - 461 = 0. What are the prime factors of d?
2, 3, 19
List the prime factors of (-32)/6*(-57627)/114.
2, 337
Suppose 95*q - 70151 = 66*q. What are the prime factors of q?
41, 59
Suppose -18*w - 550 = -23*w. Suppose -22*g - w = -24*g. List the prime factors of g.
5, 11
Let i = 5505 - 2835. List the prime factors of i.
2, 3, 5, 89
Suppose 23*d - 23178 = -8757. List the prime factors of d.
3, 11, 19
Let g(v) = 2*v - 8. Let t be g(11). Suppose w + 2*a = 4*w + 9, 2*w + t = 4*a. What are the prime factors of (8 - -38) + (w - -1)?
2, 23
Let y = 88 - 36. Suppose 0 = -108*z + 106*z - 34. Let d = z + y. What are the prime factors of d?
5, 7
Suppose 0 = 3*h - h - 10. Suppose -h*b = c - 40, -2*b + 80 = 3*c - c. What are the prime factors of c?
2, 5
Let l be 20/90 + (-1055)/9 + -2. List the prime factors of l/(-34)*((-76)/(-1))/2.
7, 19
Let i be (2 + -5)/3*-31. Suppose 0 = -z + i + 43. List the prime factors of z.
2, 37
Suppose l + 18 = 5*a - 0*l, -2 = 2*a - 5*l. Suppose 2*w + 3*c = 342, -115 = -a*w - c + 559. Suppose -w = -4*i - 0*i. List the prime factors of i.
2, 3, 7
Suppose 3*f = -4*v + 6 + 2, -4*v + 36 = -4*f. Let r be v*7/(105/1866). List the prime factors of 4/26 + r/13.
2, 3
Let v(n) = -n**3 + n**2 + n + 53. Let m be v(0). Suppose -m + 17 = -s. What are the prime factors of s?
2, 3
Suppose -4*d + 17 - 5 = 0. Suppose -164 = -v - d*v. List the prime factors of v.
41
Suppose 4*q + 1900 = 2*i - 340, -3316 = -3*i - 5*q. List the prime factors of i.
2, 139
Let c(p) = -p**3 - 10*p**2 - 8*p + 13. Let u be c(-9). List the prime factors of (-3)/(6/u) + 29.
3
Let j(z) = 2*z**3 + 5*z**2 - 5*z + 4. Let n be -1 - ((-5)/(-10) + 9/(-2)). List the prime factors of j(n).
2, 11
Suppose -5*s + 79 = -5*r - 91, -3*s = r - 110. Let h(g) = 52*g + 3. Let n be h(1). Let z = n - s. List the prime factors of z.
19
Let q = 433 - -496. List the prime factors of q.
929
Let f(t) = t**3 + 4*t**2 - 4*t + 6. Let a be f(-5). Let b be 3 + -1*(4 - a). Suppose 4*u + u - 70 = b. List the prime factors of u.
2, 7
Let c(u) = 82*u**2 - 17*u - 1. List the prime factors of c(2).
293
Let f(a) = a**3 - 2. Let i be f(2). Suppose 2*u + 5 = -3, -2*n - u + 4 = 0. Suppose -120 = -n*b - p, b + 2*p - i*p = 13. What are the prime factors of b?
29
Suppose 271 = f + a, 3*f - 96 - 725 = 5*a. List the prime factors of f.
2, 17
Suppose 0 = t - 4*l - 26, -4*t + 66 = l + 2*l. Suppose 12*c - t = 6*c. List the prime factors of c.
3
Suppose -581 - 219 = -l. Suppose 4*g + g = -l. Let u = -111 - g. What are the prime factors of u?
7
Let i = 1240 - 1079. List the prime factors of i.
7, 23
Let n = -64 - -105. Let h(y) = -y**3 - 6*y**2 + 2*y - 20. Let w be h(-7). Let z = n - w. What are the prime factors of z?
2, 13
Suppose s - 399 = -177. List the prime factors of s.
2, 3, 37
Let k be ((-51)/6 - 1)*-18. Let j = k + 35. What are the prime factors of j?
2, 103
Let l = 17 - 5. Let t be l*5*2/4. Suppose 0 = -5*h - 0*h + t. List the prime factors of h.
2, 3
Let g(w) = 13*w**3 - w**2 + 9*w - 2. What are the prime factors of g(4)?
2, 5, 17
Suppose 4*m + 3 = 55. Let z = -10 + m. Suppose z*b - 2*h = h + 48, b = -2*h + 28. List the prime factors of b.
2, 5
Suppose m + 3*r = 6 + 10, 0 = -2*r + 6. Let o be (-72)/(-56) - 2/m. What are the prime factors of 2*o/2 + 58?
59
Let s be 13581/162 - (10/12 - 1). Let k = s + -11. List the prime factors of k.
73
Suppose -39*v = -44*v + 35. Suppose 2*o + v*o - 405 = 0. What are the prime factors of o?
3, 5
Let x(p) = p**2 - 2*p + 6. Let q be x(0). Let a(u) = 8*u - 9 + 1 - 1 + 1. List the prime factors of a(q).
2, 5
Let i = -11 - -23. What are the prime factors of -3*3/(-36) + 1689/i?
3, 47
Let z be ((-12)/18)/((-2)/3). Let c be 13/(-2)*-2*z. Let h = c - 10. What are the prime factors of h?
3
Let h(x) = x**3 - 12*x**2 - 7*x - 4. Let f be h(11). Let t = -142 - f. Let l = -42 + t. List the prime factors of l.
2, 3
Suppose -3*b + 1623 = 129. List the prime factors of b.
2, 3, 83
Suppose 31*v = 38825 + 48068. What are the prime factors of v?
2803
Let x = 95 + -83. What are the prime factors of (x/18 + 0)/(2/507)?
13
Let f(g) = 2*g**2 - 22*g + 3. 